 and m.
1
Let p(a) = 43*a**2 + 17*a + 19. Let r be p(-1). Suppose 128 = -6*j + 2*j. Let u = r + j. What is the greatest common divisor of u and 13?
13
Suppose 220 - 60 = n. Let w = 105 - 105. Suppose w = -4*t - 2*t + 384. What is the greatest common factor of n and t?
32
Suppose 3*q = 5*i - 34024, 2*i + 84*q - 13606 = 87*q. What is the highest common divisor of i and 82?
82
Let r be (-4)/(-34) - 959463/(-2601). Calculate the highest common factor of 45 and r.
9
Let d(j) = j**3 + 13*j**2 + 17*j + 181. Let r be d(-7). Calculate the highest common factor of 2581 and r.
89
Let o(i) = -2*i**3 + 93*i**2 - 350*i + 7. Let s be o(42). Calculate the highest common factor of s and 546.
91
Let o = -96107 - -96116. Suppose -4*q + 10 = q. What is the greatest common divisor of o and q?
1
Let v(d) = 18*d**2 + 70*d + 233. Let c be v(-17). Calculate the highest common divisor of c and 30.
15
Let n(i) = -i**3 - 59*i**2 + 231*i + 85. Let x be n(-67). Calculate the highest common divisor of x and 45.
45
Suppose u - 873 = -3*s, 2*u + 5*s + 135 = 1876. Calculate the highest common factor of u and 66.
66
Let d(j) = 5*j**2 - 55*j + 506. Let s be d(19). Calculate the greatest common factor of s and 3.
3
Let z be 9/(-5) - ((-324)/(-45) - 7). Let u be (z - (-78)/(-12))*-2. What is the highest common factor of 2 and u?
1
Let c = -32 - -62. Suppose -360 = -8*v + 240. What is the highest common factor of v and c?
15
Let p be ((-1)/1)/(70/140) + 22. What is the greatest common divisor of 115 and p?
5
Let r be 3 - (-6 + 30/(-18)*-3). Let h be 534/r - (-9)/6. Calculate the highest common divisor of 225 and h.
45
Let n = 5421 + -5005. What is the highest common divisor of 377 and n?
13
Suppose 5*g - 385 = -2*v, 0 = 3*v - 3*g - 138 - 387. Calculate the highest common divisor of v and 315.
45
Suppose 9*j + 1808 - 6857 = 3465. Calculate the greatest common factor of 55 and j.
11
Let b(h) = 16*h**2 - h - 1. Let y be b(-1). Let v = 61168 + -61148. Calculate the highest common divisor of v and y.
4
Let a be 10/6*18/15. Let t be a/(-7) + 176/77. Let x be ((-84)/(-8) - -4)*t. Calculate the highest common factor of x and 58.
29
Let j(y) = -9*y + 81. Let r be j(5). Suppose -2*u - 4 = 0, -50 = -5*c + u + 12. Calculate the greatest common divisor of c and r.
12
Suppose -300*d + 96 = -294*d. Let i be (6 - d)*(-3 - -2). What is the highest common factor of 110 and i?
10
Let q be ((-123)/(-4))/(15*(-5)/(-200)). Suppose -5*o = -i - i + q, 114 = 3*i - 3*o. Calculate the highest common divisor of i and 90.
18
Let m = -15 - -17. Suppose -2 = m*w - 3*w. Let c(g) = -3*g + 77. Let y be c(23). What is the highest common divisor of y and w?
2
Let r = -150603 - -150608. Let k be (3 + 1)*(-15)/(-12). Let s be (-3*k)/3*-3. What is the highest common factor of r and s?
5
Let c = 196 + -183. What is the highest common factor of c and 1391?
13
Let n(i) = i**2 - 7*i + 4. Let k be ((-1)/(-2)*-4)/(6/(-24)). Let m be n(k). Calculate the highest common divisor of m and 21.
3
Suppose 1702 + 104 = 7*t. Suppose t = -3*k + 6*k. Let i = k + -41. What is the greatest common factor of 9 and i?
9
Let g(k) = 2*k**3 - 18*k**2 - 31*k + 8. Let x be g(14). Calculate the greatest common divisor of 52 and x.
26
Suppose -12*g + 106 = -122. Let a be g*(-3)/3*-19 - 4. What is the highest common divisor of a and 42?
21
Let j(c) = -65*c + 4294. Let m be j(38). What is the greatest common divisor of m and 95?
19
Let k = 33 + -51. Let h be (-238)/k - 22/99. Suppose -3 = -o + h. Calculate the highest common divisor of 8 and o.
8
Suppose 3*h - 98*d + 89*d = 144, -3*h = -3*d - 54. Suppose 3*u + 1 = 4. What is the greatest common factor of h and u?
1
Let v = -125 + 185. Let o = -519853 + 519949. Calculate the greatest common factor of v and o.
12
Let r = -33805 - -33822. Suppose -2*o + 265 = 5*c, 2*c + 3*c - 240 = 3*o. What is the greatest common divisor of c and r?
17
Let l be 24/40 - 63*(-4)/30. What is the greatest common factor of l and 4365?
9
Suppose 304*o - 370*o = -16302. What is the greatest common factor of 104 and o?
13
Suppose -9395 - 2837 = -o + g, -6*o + 4*g = -73392. Calculate the greatest common factor of o and 264.
88
Suppose 40*l - 180099 = 266021. What is the greatest common divisor of 38 and l?
19
Let z = -14 + -154. Let m = 197 + z. Calculate the highest common factor of 1247 and m.
29
Let d be (80874440/(-110))/(-23) - 4/22. What is the greatest common divisor of 22 and d?
22
Let r be (-74)/(2/(-6)*3). Suppose -r = -3*l - 4*i - 0*i, 5*l + 2*i - 142 = 0. What is the highest common divisor of l and 24?
6
Suppose -45*h + 34462 = 8002. Suppose 0 = 8*y - 3*y - 140. What is the greatest common divisor of y and h?
28
Let f be (-46)/(-4) + (-6)/(-12). Let i be (5/(15/f))/(-2). Let g = 20 + i. Calculate the highest common factor of g and 144.
18
Suppose 4*z = -3*q + 53, -q + 38 = 2*z + 11. Calculate the highest common factor of z and 1162.
14
Suppose -2*r + 655 = 141*r - 12*r. Calculate the highest common divisor of 2620 and r.
5
Suppose 0 = 4*j - 4*z - 576, -3*j + 613 - 180 = -2*z. Suppose 4*o - j = -5*r, 29 = r - o + 3*o. Let w = 95 - r. What is the greatest common divisor of w and 44?
22
Let g be ((-22)/(-4))/(21/378). Let l = g - 95. Suppose -13*m = -l*m - 612. Calculate the greatest common divisor of m and 17.
17
Let j be ((-69 - 3)/(-18))/(0 - -1)*110. What is the greatest common divisor of j and 6424?
88
Let j = -267 - -312. Suppose 0*b - j = -5*b. Let h = -1 - -10. Calculate the highest common factor of h and b.
9
Let i(k) = -5*k**3 - 6*k**2 - 3*k + 4. Let t be i(-2). Suppose 2*j - 5*u = 14, -2*u - t + 0 = -2*j. Calculate the highest common factor of 1 and j.
1
Suppose -5*j - 2*t + 115556 = 0, -69346 = -41*j + 38*j + 5*t. Calculate the highest common divisor of 216 and j.
216
Let t(f) = -2*f**3 + 3*f**2 + 2*f - 6. Let l be t(-4). Let x = -333 - -351. What is the highest common factor of l and x?
18
Let h(a) = -a**3 - 8*a**2 + 5*a + 18. Let f be h(-8). Let v = f - -54. What is the highest common factor of v and 56?
8
Let n(i) = 26*i + 1. Let c be n(3). Suppose -60 = c*r - 83*r. Calculate the greatest common factor of r and 195.
15
Let v be 150/8*(5 - 3/(-9)). Suppose i - 2*d = 75, 0 = -5*i - 2*d + 611 - 236. What is the highest common divisor of i and v?
25
Suppose -19 = -2*g + 109. Let k = 79 - g. Let m(a) = -6*a + 176. Let s be m(26). Calculate the greatest common factor of k and s.
5
Let o(k) = 7*k + 359. Let i be o(-42). Let c be (-20)/14*(-7)/3*3. Calculate the greatest common divisor of c and i.
5
Let p = 224 - 212. Calculate the greatest common factor of 324 and p.
12
Let z(y) be the first derivative of -2*y**3/3 - 63*y**2/2 + 35*y + 113. Let j be z(-32). What is the greatest common divisor of j and 81?
3
Let w = -224 + 231. Suppose 1 + 48 = w*i. Calculate the highest common factor of 7 and i.
7
Suppose 51*l = 45*l + 42. Suppose -9*b - 16 = -l. Let m be 4*b - 25/(-5). Calculate the highest common divisor of m and 9.
1
Suppose 1287 - 1224 = 3*f. Calculate the highest common factor of f and 6951.
21
Suppose 0 = -q - 5*m + 454, -324*m = -4*q - 319*m + 1816. Calculate the greatest common divisor of 2 and q.
2
Suppose -88*b + 1423168 = -14*b. Calculate the greatest common factor of 16 and b.
16
Suppose -50*j + 51*j + 3*s = 615, 0 = -5*j - 3*s + 3087. What is the highest common factor of j and 102?
6
Suppose -14996 = -103*r + 6016. Calculate the highest common factor of r and 24.
12
Suppose -w = 2*m + 53 + 15, -8 = -2*w. Let z = 72 + m. Suppose -13*k = 5*k - 1373 + 1049. Calculate the highest common factor of z and k.
18
Let s(p) = 131*p**2 - 45*p - 162. Let k be s(-9). What is the highest common divisor of k and 134?
134
Let f = 6289 + -6199. What is the highest common divisor of f and 3690?
90
Let n be (-5 + 27/6)*2 - -5. Suppose z = n*c - 38, 9*z - 10 = 4*z. Calculate the greatest common divisor of c and 10.
10
Suppose 8*b - 72 = -0. Suppose 2*q - 858 = 4*c, -c - 1266 = -3*q - 2*c. What is the highest common factor of q and b?
9
Let n(o) be the first derivative of -o**4/4 + o**3 + 2*o**2 - 12. Let h be n(4). Suppose k - 40 = -h*k. Calculate the highest common factor of 10 and k.
10
Suppose 0 = 5*v - 16*v + 21560. Suppose 0 = 26*c - 16*c - v. Calculate the greatest common factor of c and 56.
28
Suppose 3*h - 